2. Calculate n(b).
12
Let q(y) = -9*y + 3. Let a(g) = 14*g - 5. Let p(t) = 5*a(t) + 8*q(t). Let j(w) = w**2 + 6*w - 1. Let i be j(-6). Calculate p(i).
1
Let i(u) = -2*u - 14. Let l(m) = 5*m + 41. Let g(f) = 11*i(f) + 4*l(f). Let p be g(7). Let o(r) = -r**3 - 3*r**2 + 4*r. Determine o(p).
0
Let t(g) be the second derivative of 1/120*g**5 - 3*g - 1/720*g**6 + 0*g**3 + 0 + 0*g**2 - 1/3*g**4. Let f(v) be the third derivative of t(v). Determine f(3).
-2
Let h(z) = -6*z + 2. Let b(j) = -6*j + 2. Let o(f) = -3*b(f) + 4*h(f). Calculate o(-2).
14
Let u(l) = -l**2 - 7*l - 5. Let z be u(-7). Let k be (2 - (-3)/(-2))*16. Let o = z + k. Let r(p) = -p**3 + 2*p**2 + p + 4. Calculate r(o).
-2
Suppose -3*a + 5 = -8*a. Let y(t) = 3*t**2 + 7*t. Let n(h) be the first derivative of 4*h**3/3 + 5*h**2 + 2. Let q(j) = 5*n(j) - 7*y(j). What is q(a)?
-2
Let o(k) = k**3 + 4*k**2 - k - 4. Let y be o(-4). Let z(p) be the second derivative of 2*p + 0 - 1/6*p**3 - 2*p**2 - 1/12*p**4. Calculate z(y).
-4
Suppose -4*q + 17 = -19. Let w(p) = -p + 6. Determine w(q).
-3
Let j(w) = -w - w + 3*w - w**2. Suppose 55*c + 12 = 49*c. What is j(c)?
-6
Let y(v) = -v**2 + 7*v - 5. Let r be ((-8)/3)/(11/(-99)). Suppose -3*i + r = i. Calculate y(i).
1
Let j(b) = b - 2. Let t be j(0). Let g(v) = -4 + 2 - 5*v + 2 + 7. Let p(l) = -2*l + 3. Let u(n) = -6*g(n) + 14*p(n). Calculate u(t).
-4
Let k(t) = t**2 + 6*t - 7. Let w be ((-28)/(-8))/(-1*2/4). Determine k(w).
0
Let a be (-1)/(1 + -1*2). Let c be (1/a)/(-1)*-1. Let g(k) be the third derivative of -k**6/15 - k**5/60 + k**4/24 + k**2. What is g(c)?
-8
Let r(z) = -z**2 + 6*z + 4. Let u be ((-7)/3)/(2/(-6)). What is r(u)?
-3
Let w(n) = -n - 6. Let d be w(-6). Let r(v) = -v + v - v + d. Determine r(4).
-4
Let r(a) be the second derivative of -2*a**3/3 + 3*a**2/2 + 5*a. Calculate r(4).
-13
Let q(l) = l**3 - 3*l**2 - 4*l + 6. Suppose -2*j = 2*a - 5 - 7, -j + 4*a - 4 = 0. Give q(j).
6
Let g(f) = 6*f + 1. Let y be g(4). Suppose 2*r - 5*r - 2*b = y, 2*r - 2*b = 0. Let o(n) = -n**3 - 6*n**2 - 5*n - 4. What is o(r)?
-4
Let y(q) be the third derivative of q**4/4 - 5*q**3/6 - 35*q**2. Calculate y(5).
25
Let m(f) = f**3 + 5*f**2 + 5*f + 1. Let o be 104/(-24) + (-2)/(-6). What is m(o)?
-3
Let u(i) = 1 + 1 - i - 1. Let t = 14 + -9. What is u(t)?
-4
Let s(x) = -x + 7 + 3*x + 4*x - 7*x. Calculate s(5).
2
Let v(i) be the first derivative of i**6/120 - i**5/20 - i**4/12 - 3*i**2/2 - 2. Let b(h) be the second derivative of v(h). What is b(4)?
8
Let u(n) = 13*n**3 + 9*n - 9. Let r(c) = -6*c**3 - 4*c + 4. Let w(h) = -9*r(h) - 4*u(h). Determine w(1).
2
Let n(v) = -2*v - 1. Let x(m) be the third derivative of -m**4/24 + m**3/6 + 2*m**2. Let h be x(-5). Suppose 18 = -4*o + h. Give n(o).
5
Let n(v) = -2*v**2 + 8*v + 28. Let d be n(6). Let x(j) = -j**2 + 5*j - 1. What is x(d)?
3
Let w(d) = -4*d**3 - d - 1. Let f be 26/10 - (-2)/5. Let c be -2 + -2 + (-3)/3. Let j be (c/(-2) - f)*2. Calculate w(j).
4
Let q(a) = a**3 + a**2 + a - 2. Let i(c) = -c. Suppose 4*b = 2*b. Let z be i(b). Give q(z).
-2
Let v(s) = -s + 8. Let j(p) = p - 8. Let b(n) = -5*j(n) - 4*v(n). Suppose -7*a - 23 = -51. Calculate b(a).
4
Suppose 4*q + 20 = 2*o, -q + 4*o - 22 = q. Let a(s) = 2*s**2 + s**3 + 2*s**2 + 0*s**2. Calculate a(q).
9
Suppose 4*k = 11 + 1. Let x(p) be the first derivative of -4*p + p**2 + 1/3*p**k + 1. Calculate x(-3).
-1
Let h(r) = -r**3. Let k be 35/(-15)*-1*3. Let u = k - 5. Determine h(u).
-8
Let l(f) = -6*f**2 - 2*f**3 - 6*f - 1 + 7*f**2 + 5*f. Give l(2).
-15
Let z(w) = w**3 - 5*w**2 - 6*w - 1. Let p(y) = -y**3 + 6*y**2 + 7*y + 1. Let s(m) = -6*p(m) - 7*z(m). What is s(0)?
1
Let u be -2 + (4/(-2))/1. Let w(h) = -h**2 + 7*h - 1. Let k(l) = 2*l**2 - 13*l + 1. Let t(z) = u*k(z) - 7*w(z). What is t(5)?
-7
Let u(i) = i**2 + 6*i - 4. Let f(p) = p**3 + 11*p**2 + 2*p + 15. Let w be f(-11). Determine u(w).
3
Suppose -5*q = -q. Suppose q = -3*y + 4 + 2. Suppose 2*u = -y*u. Let k(p) = -p**2 - p - 4. What is k(u)?
-4
Suppose -17*h - 36 = -5*h. Let s = -1 + 6. Let d(f) = f**2 + 2 - f + 2 + s*f. Calculate d(h).
1
Let g(y) = -y**3 + 3*y**2 - 2*y + 2. Let u be g(2). Let k(w) = -4*w + 4 + 2*w**2 - w**u - 4. What is k(5)?
5
Let z(g) = -g**3 + 3*g**2 - 2*g - 2. Let s = 39 + -36. What is z(s)?
-8
Let m(i) = i**3 + i**2 + i. Let v(a) = 3*a**3 + a**2 + 2*a - 4. Let b(k) = 4*m(k) - v(k). What is b(-3)?
-2
Suppose 4*f = -13 - 7. Let t(p) = p**2 + 1. Let w(i) = 4*i**2 - 2. Let k(u) = f*t(u) + w(u). Suppose 0 = z, 0 = v + v + 4*z. Give k(v).
-7
Let w = -34 - -29. Let d(r) be the first derivative of -r**4/4 - 4*r**3/3 + 3*r**2 + 6*r - 1. What is d(w)?
1
Suppose 27 = u - 4*u. Let b be -2 - 3/(u/(-6)). Let d be 3/2*b/(-3). Let t(f) = -3*f**2 - f + 2. What is t(d)?
-12
Let h(v) be the third derivative of v**6/120 + v**5/60 - 5*v**4/24 - v**3/2 + v**2. Determine h(-3).
-6
Let g be 7/(28/(-8)) + -12. Let a(y) = y**3 + 14*y**2 - y - 19. Let n be a(g). Let w(m) = m**3 + 4*m**2 - 8*m - 6. Determine w(n).
9
Let k(m) = -m + 2132*m**2 + 2 + 0*m + m**3 - 2136*m**2. Let q = -6 - -8. Determine k(q).
-8
Suppose 4*i + 0*f + 5*f - 13 = 0, 3 = -i + 5*f. Let m(q) = q + 3 - 3*q - i*q + 3*q. Let t = -1 + 4. What is m(t)?
0
Let h(d) be the first derivative of -d**2 - 10*d - 31. What is h(-7)?
4
Let s(c) = c - 4. Suppose -5*v + 3*k + 18 = -0*v, 0 = 5*k - 20. Let f(y) = -y**3 + 7*y**2 - 6*y + 5. Let l be f(6). Suppose 3*u + v = l*u. Determine s(u).
-1
Let m = 2 - 3. Let w(r) = -45*r + 16. Let u(b) = -9*b + 3. Let t(v) = -11*u(v) + 2*w(v). Give t(m).
-10
Let l(q) be the second derivative of q**8/6720 + q**7/420 + q**6/360 - 7*q**5/120 + q**4/4 + q. Let g(p) be the third derivative of l(p). What is g(-5)?
8
Let u = -15 - -11. Let x(c) be the third derivative of c**5/60 + c**4/8 + 2*c**2 - 8*c. Determine x(u).
4
Let v(c) = 5*c - 5. Let q = -3 - -7. Let s be 1 - 3/(3/q). Let w(f) = 4*f - 4. Let z(a) = s*v(a) + 4*w(a). What is z(5)?
4
Let y(w) be the first derivative of -w**2/2 - 12*w + 11. Determine y(-6).
-6
Let s(x) = x**3 - 4*x**2 - x + 5. Let u(y) be the third derivative of 0*y + 1/24*y**4 + 2*y**2 + 3/2*y**3 + 0. Let c be u(-5). Give s(c).
1
Let g(w) = 4*w**3 - 12*w**2 + 8*w + 25. Let m(k) = 3*k**3 - 8*k**2 + 5*k + 17. Let f(u) = 5*g(u) - 7*m(u). Determine f(-5).
6
Let z = -14 - -19. Suppose -16 = z*w - 11. Let n(d) = -341*d - 77. Let a(u) = 9*u + 2. Let v(h) = -77*a(h) - 2*n(h). Calculate v(w).
11
Let q be -5*-3*(-4)/(-10). Let z(w) = w - 7. Let i be z(q). Let k be (-1 - i - 1)*3. Let f(y) = 3*y + 4. Give f(k).
-5
Let r(t) = -2*t**3 + t**2. Suppose -13 = y - 9. Let a be (y/(-12))/(1/(-3)). Calculate r(a).
3
Let n(u) = -62*u**3 - 62*u**3 - u + 120*u**3. Calculate n(-1).
5
Let m(k) be the second derivative of k**5/120 + k**4/4 + k**3/2 + 3*k. Let w(q) be the second derivative of m(q). Calculate w(0).
6
Let f(k) = 8*k - 6. Let d(z) = -7*z + 5. Let w = -2 + -4. Let a(c) = w*f(c) - 7*d(c). Suppose -5*h - 13 = -38. What is a(h)?
6
Let w be 3 + 2 + -1 + -4. Suppose w = -3*n + n. Let f(h) = n - 2*h + 3*h + 2. Determine f(0).
2
Let p(g) = g**3 - g**2 + g - 1. Let b(k) = -3*k**3 - k**2 - 8*k - 4. Let d(o) = -b(o) - 4*p(o). Determine d(6).
-4
Let n(g) be the third derivative of g**6/120 - g**5/15 - 7*g**4/24 + g**3 - 11*g**2. Determine n(5).
-4
Let t(h) = 3 - 2*h - 4 + 2. Suppose 12 = 2*v + 2. Determine t(v).
-9
Let q be 4 - (5 + 3)/4. Suppose -v - q = -0*v - r, 14 = -4*v + 2*r. Let x(f) = f**3 + 5*f**2 + f + 5. Determine x(v).
0
Let h(g) = -g**3 - 3*g**2 - 2*g - 3. Let c = -5 - -3. Let w be h(c). Let p(v) be the second derivative of v**4/12 + v**3/3 - v**2/2 + 4*v. Give p(w).
2
Let u(f) = f + 2. Suppose 12 = -6*o + 9*o. Determine u(o).
6
Let g(i) = i**2 + i + 1. Let j(u) = 5*u**2 + u + 1. Let n(s) = 2*g(s) - 2*j(s). What is n(1)?
-8
Suppose -19 = 5*h - 2*v, v + 3*v + 4 = -4*h. Let a(b) = 1 + 2 + 1 - 1 + b. What is a(h)?
0
Let c(s) = -3*s**2 - 11*s + 1. Let p(w) = -5*w**2 - 21*w + 3. Let x(t) = 7*c(t) - 4*p(t). Let v = 7 + -7. Let m = v + 4. What is x(m)?
7
Let l be 22/5 + (-4)/10. Let b(g) = g - 3. Let a(x) = -2*x + 5. Let z(i) = 3*a(i) + 5*b(i). Calculate z(l).
-4
Let c(f) = 0 + 0 - 2*f - 1. Let t be ((-1)/3)/((-1)/6). Let j be 15/10*-1*t. What is c(j)?
5
Let y be ((-8)/(-6))/(2/3). Let x = -1 + y. Let r be (2/(-3) + x)*0. Let g(d) = 